{"id":878,"date":"2025-06-26T20:19:45","date_gmt":"2025-06-26T20:19:45","guid":{"rendered":"http:\/\/172.16.2.9\/?page_id=878"},"modified":"2026-03-10T17:47:49","modified_gmt":"2026-03-10T17:47:49","slug":"sede-2","status":"publish","type":"page","link":"https:\/\/www.fundabit.gob.ve\/index.php\/sede-2\/","title":{"rendered":""},"content":{"rendered":"\t\t<div data-elementor-type=\"wp-page\" data-elementor-id=\"878\" class=\"elementor elementor-878\">\n\t\t\t\t<div class=\"elementor-element elementor-element-e008d85 e-flex e-con-boxed e-con e-parent\" data-id=\"e008d85\" data-element_type=\"container\">\n\t\t\t\t\t<div class=\"e-con-inner\">\n\t\t<div class=\"elementor-element elementor-element-7a9f63a e-con-full e-flex e-con e-child\" data-id=\"7a9f63a\" data-element_type=\"container\">\n\t\t\t\t<div class=\"elementor-element elementor-element-3970221 elementor-widget elementor-widget-heading\" data-id=\"3970221\" data-element_type=\"widget\" data-widget_type=\"heading.default\">\n\t\t\t\t<div class=\"elementor-widget-container\">\n\t\t\t<h1 class=\"elementor-heading-title elementor-size-default\"><p style=\"font-family: Roboto;\"><strong> Directorio Sede <\/strong> <span style=\"font-family: Merriweather; font-size: 25px; font-weight: 400;\"><\/span><\/p><\/h1>\t\t<\/div>\n\t\t\t\t<\/div>\n\t\t\t\t<\/div>\n\t\t\t\t\t<\/div>\n\t\t\t\t<\/div>\n\t\t<div class=\"elementor-element elementor-element-ac1b82a e-flex e-con-boxed e-con e-parent\" data-id=\"ac1b82a\" data-element_type=\"container\">\n\t\t\t\t\t<div class=\"e-con-inner\">\n\t\t<div class=\"elementor-element elementor-element-a8642e5 e-con-full e-flex e-con e-child\" data-id=\"a8642e5\" data-element_type=\"container\" data-settings=\"{&quot;background_background&quot;:&quot;classic&quot;}\">\n\t\t<div class=\"elementor-element elementor-element-0a2bb54 e-con-full e-flex e-con e-child\" data-id=\"0a2bb54\" data-element_type=\"container\">\n\t\t\t\t<div class=\"elementor-element elementor-element-094ff1d elementor-widget elementor-widget-text-editor\" data-id=\"094ff1d\" data-element_type=\"widget\" data-widget_type=\"text-editor.default\">\n\t\t\t\t<div class=\"elementor-widget-container\">\n\t\t\t\t\t\t\t\n<p style=\"font-size: 18px; font-family: Roboto; color: #000000; text-align: center;\"><strong>Arwin Orlando Quezada Camacho <\/strong><\/p>\n<p style=\"text-align: center;\" align=\"justify\"><span style=\"color: #000000;\"><span style=\"font-family: Roboto;\"><span style=\"font-size: medium;\">Presidente de la Fundaci\u00f3n Bolivariana de Inform\u00e1tica y Telem\u00e1tica (Fundabit) <\/span><\/span><\/span><\/p>\t\t\t\t\t\t<\/div>\n\t\t\t\t<\/div>\n\t\t\t\t<\/div>\n\t\t\t\t<\/div>\n\t\t\t\t\t<\/div>\n\t\t\t\t<\/div>\n\t\t<div class=\"elementor-element elementor-element-a531704 e-flex e-con-boxed e-con e-parent\" data-id=\"a531704\" data-element_type=\"container\">\n\t\t\t\t\t<div class=\"e-con-inner\">\n\t\t<div class=\"elementor-element elementor-element-e8fa0ad e-con-full e-flex e-con e-child\" data-id=\"e8fa0ad\" data-element_type=\"container\">\n\t\t<div class=\"elementor-element elementor-element-28228e8 e-con-full e-flex e-con e-child\" data-id=\"28228e8\" data-element_type=\"container\" data-settings=\"{&quot;background_background&quot;:&quot;classic&quot;}\">\n\t\t<div class=\"elementor-element elementor-element-e41c22c e-con-full e-flex e-con e-child\" data-id=\"e41c22c\" data-element_type=\"container\">\n\t\t\t\t<div class=\"elementor-element elementor-element-825e17e elementor-widget elementor-widget-text-editor\" data-id=\"825e17e\" data-element_type=\"widget\" data-widget_type=\"text-editor.default\">\n\t\t\t\t<div class=\"elementor-widget-container\">\n\t\t\t\t\t\t\t<p style=\"font-size: 16px; font-family: Roboto; color: #000000;\"><strong> Sandra Sequera<\/strong><\/p>\n<p align=\"justify\"><span style=\"color: #000000;\"><span style=\"font-family: Roboto;\"><span style=\"font-size: medium;\">Coordinaci\u00f3n de Despacho<\/span><\/span><\/span><\/p>\t\t\t\t\t\t<\/div>\n\t\t\t\t<\/div>\n\t\t\t\t<\/div>\n\t\t\t\t<\/div>\n\t\t\t\t<\/div>\n\t\t<div class=\"elementor-element elementor-element-bf1203e e-con-full e-flex e-con e-child\" data-id=\"bf1203e\" data-element_type=\"container\">\n\t\t<div class=\"elementor-element elementor-element-9775b18 e-con-full e-flex e-con e-child\" data-id=\"9775b18\" data-element_type=\"container\" data-settings=\"{&quot;background_background&quot;:&quot;classic&quot;}\">\n\t\t<div class=\"elementor-element elementor-element-fc1ba05 e-con-full e-flex e-con e-child\" data-id=\"fc1ba05\" data-element_type=\"container\">\n\t\t\t\t<div class=\"elementor-element elementor-element-82561d6 elementor-widget elementor-widget-text-editor\" data-id=\"82561d6\" data-element_type=\"widget\" data-widget_type=\"text-editor.default\">\n\t\t\t\t<div class=\"elementor-widget-container\">\n\t\t\t\t\t\t\t<p style=\"font-size: 16px; font-family: Roboto; color: #000000;\"><strong> Manuel Acosta<\/strong><\/p>\n<p align=\"justify\"><span style=\"color: #000000;\"><span style=\"font-family: Roboto;\"><span style=\"font-size: medium;\">Coordinaci\u00f3n de Proyectos Especiales<\/span><\/span><\/span><\/p>\t\t\t\t\t\t<\/div>\n\t\t\t\t<\/div>\n\t\t\t\t<\/div>\n\t\t\t\t<\/div>\n\t\t\t\t<\/div>\n\t\t\t\t\t<\/div>\n\t\t\t\t<\/div>\n\t\t<div class=\"elementor-element elementor-element-cfb2d64 e-flex e-con-boxed e-con e-parent\" data-id=\"cfb2d64\" data-element_type=\"container\">\n\t\t\t\t\t<div class=\"e-con-inner\">\n\t\t<div class=\"elementor-element elementor-element-e57cc73 e-con-full e-flex e-con e-child\" data-id=\"e57cc73\" data-element_type=\"container\">\n\t\t<div class=\"elementor-element elementor-element-584b53f e-con-full e-flex e-con e-child\" data-id=\"584b53f\" data-element_type=\"container\" data-settings=\"{&quot;background_background&quot;:&quot;classic&quot;}\">\n\t\t<div class=\"elementor-element elementor-element-a871052 e-con-full e-flex e-con e-child\" data-id=\"a871052\" data-element_type=\"container\">\n\t\t\t\t<div class=\"elementor-element elementor-element-44f6056 elementor-widget elementor-widget-text-editor\" data-id=\"44f6056\" data-element_type=\"widget\" data-widget_type=\"text-editor.default\">\n\t\t\t\t<div class=\"elementor-widget-container\">\n\t\t\t\t\t\t\t<p style=\"font-size: 16px; font-family: Roboto; color: #000000;\"><strong> Francisco Ochoa <\/strong><\/p>\n<p align=\"justify\"><span style=\"color: #000000;\"><span style=\"font-family: Roboto;\"><span style=\"font-size: medium;\"> Consultor\u00eda Jur\u00eddica<\/span><\/span><\/span><\/p>\t\t\t\t\t\t<\/div>\n\t\t\t\t<\/div>\n\t\t\t\t<\/div>\n\t\t\t\t<\/div>\n\t\t\t\t<\/div>\n\t\t<div class=\"elementor-element elementor-element-657684c e-con-full e-flex e-con e-child\" data-id=\"657684c\" data-element_type=\"container\">\n\t\t<div class=\"elementor-element elementor-element-ea0d618 e-con-full e-flex e-con e-child\" data-id=\"ea0d618\" data-element_type=\"container\" data-settings=\"{&quot;background_background&quot;:&quot;classic&quot;}\">\n\t\t<div class=\"elementor-element elementor-element-c284899 e-con-full e-flex e-con e-child\" data-id=\"c284899\" data-element_type=\"container\">\n\t\t\t\t<div class=\"elementor-element elementor-element-c18d3bd elementor-widget elementor-widget-text-editor\" data-id=\"c18d3bd\" data-element_type=\"widget\" data-widget_type=\"text-editor.default\">\n\t\t\t\t<div class=\"elementor-widget-container\">\n\t\t\t\t\t\t\t<p style=\"font-size: 16px; font-family: Roboto; color: #000000;\"><strong> Jesus Bonafina<\/strong><\/p>\n<p align=\"justify\"><span style=\"color: #000000;\"><span style=\"font-family: Roboto;\"><span style=\"font-size: medium;\">Direcci\u00f3n de Administraci\u00f3n y Finanzas<\/span><\/span><\/span><\/p>\t\t\t\t\t\t<\/div>\n\t\t\t\t<\/div>\n\t\t\t\t<\/div>\n\t\t\t\t<\/div>\n\t\t\t\t<\/div>\n\t\t\t\t\t<\/div>\n\t\t\t\t<\/div>\n\t\t<div class=\"elementor-element elementor-element-d4321aa e-flex e-con-boxed e-con e-parent\" data-id=\"d4321aa\" data-element_type=\"container\">\n\t\t\t\t\t<div class=\"e-con-inner\">\n\t\t<div class=\"elementor-element elementor-element-c13b102 e-con-full e-flex e-con e-child\" data-id=\"c13b102\" data-element_type=\"container\">\n\t\t<div class=\"elementor-element elementor-element-e74715e e-con-full e-flex e-con e-child\" data-id=\"e74715e\" data-element_type=\"container\" data-settings=\"{&quot;background_background&quot;:&quot;classic&quot;}\">\n\t\t<div class=\"elementor-element elementor-element-6d3cde9 e-con-full e-flex e-con e-child\" data-id=\"6d3cde9\" data-element_type=\"container\">\n\t\t\t\t<div class=\"elementor-element elementor-element-1cc49d2 elementor-widget elementor-widget-text-editor\" data-id=\"1cc49d2\" data-element_type=\"widget\" data-widget_type=\"text-editor.default\">\n\t\t\t\t<div class=\"elementor-widget-container\">\n\t\t\t\t\t\t\t<p style=\"font-size: 16px; font-family: Roboto; color: #000000;\"><strong> Elianna Matos<\/strong><\/p>\n<p align=\"justify\"><span style=\"color: #000000;\"><span style=\"font-family: Roboto;\"><span style=\"font-size: medium;\">Direcci\u00f3n de Talento Humano <\/span><\/span><\/span><\/p>\t\t\t\t\t\t<\/div>\n\t\t\t\t<\/div>\n\t\t\t\t<\/div>\n\t\t\t\t<\/div>\n\t\t\t\t<\/div>\n\t\t<div class=\"elementor-element elementor-element-8a9923f e-con-full e-flex e-con e-child\" data-id=\"8a9923f\" data-element_type=\"container\">\n\t\t<div class=\"elementor-element elementor-element-592a6f9 e-con-full e-flex e-con e-child\" data-id=\"592a6f9\" data-element_type=\"container\" data-settings=\"{&quot;background_background&quot;:&quot;classic&quot;}\">\n\t\t<div class=\"elementor-element elementor-element-7881c35 e-con-full e-flex e-con e-child\" data-id=\"7881c35\" data-element_type=\"container\">\n\t\t\t\t<div class=\"elementor-element elementor-element-27a9380 elementor-widget elementor-widget-text-editor\" data-id=\"27a9380\" data-element_type=\"widget\" data-widget_type=\"text-editor.default\">\n\t\t\t\t<div class=\"elementor-widget-container\">\n\t\t\t\t\t\t\t<p style=\"font-size: 16px; font-family: Roboto; color: #000000;\"><strong> Freddy Cespedes <\/strong><\/p>\n<p align=\"justify\"><span style=\"color: #000000;\"><span style=\"font-family: Roboto;\"><span style=\"font-size: medium;\">Direcci\u00f3n de Planificaci\u00f3n y Presupuesto <\/span><\/span><\/span><\/p>\t\t\t\t\t\t<\/div>\n\t\t\t\t<\/div>\n\t\t\t\t<\/div>\n\t\t\t\t<\/div>\n\t\t\t\t<\/div>\n\t\t\t\t\t<\/div>\n\t\t\t\t<\/div>\n\t\t<div class=\"elementor-element elementor-element-ceac964 e-flex e-con-boxed e-con e-parent\" data-id=\"ceac964\" data-element_type=\"container\">\n\t\t\t\t\t<div class=\"e-con-inner\">\n\t\t<div class=\"elementor-element elementor-element-92984c1 e-con-full e-flex e-con e-child\" data-id=\"92984c1\" data-element_type=\"container\">\n\t\t<div class=\"elementor-element elementor-element-21df62f e-con-full e-flex e-con e-child\" data-id=\"21df62f\" data-element_type=\"container\" data-settings=\"{&quot;background_background&quot;:&quot;classic&quot;}\">\n\t\t<div class=\"elementor-element elementor-element-d93836d e-con-full e-flex e-con e-child\" data-id=\"d93836d\" data-element_type=\"container\">\n\t\t\t\t<div class=\"elementor-element elementor-element-78f4630 elementor-widget elementor-widget-text-editor\" data-id=\"78f4630\" data-element_type=\"widget\" data-widget_type=\"text-editor.default\">\n\t\t\t\t<div class=\"elementor-widget-container\">\n\t\t\t\t\t\t\t<p style=\"font-size: 16px; font-family: Roboto; color: #000000;\"><strong> Victor P\u00e9rez<\/strong><\/p>\n<p align=\"justify\"><span style=\"color: #000000;\"><span style=\"font-family: Roboto;\"><span style=\"font-size: medium;\">Direcci\u00f3n de Relaciones Institucionales <\/span><\/span><\/span><\/p>\t\t\t\t\t\t<\/div>\n\t\t\t\t<\/div>\n\t\t\t\t<\/div>\n\t\t\t\t<\/div>\n\t\t\t\t<\/div>\n\t\t<div class=\"elementor-element elementor-element-e33d888 e-con-full e-flex e-con e-child\" data-id=\"e33d888\" data-element_type=\"container\">\n\t\t<div class=\"elementor-element elementor-element-65abc7f e-con-full e-flex e-con e-child\" data-id=\"65abc7f\" data-element_type=\"container\" data-settings=\"{&quot;background_background&quot;:&quot;classic&quot;}\">\n\t\t<div class=\"elementor-element elementor-element-8394920 e-con-full e-flex e-con e-child\" data-id=\"8394920\" data-element_type=\"container\">\n\t\t\t\t<div class=\"elementor-element elementor-element-569af96 elementor-widget elementor-widget-text-editor\" data-id=\"569af96\" data-element_type=\"widget\" data-widget_type=\"text-editor.default\">\n\t\t\t\t<div class=\"elementor-widget-container\">\n\t\t\t\t\t\t\t<p style=\"font-size: 16px; font-family: Roboto; color: #000000;\"><strong> Victor Hern\u00e1ndez<\/strong><\/p>\n<p align=\"justify\"><span style=\"color: #000000;\"><span style=\"font-family: Roboto;\"><span style=\"font-size: medium;\">Direcci\u00f3n de Tecnolog\u00eda de Informaci\u00f3n y Comunicaci\u00f3n<\/span><\/span><\/span><\/p>\t\t\t\t\t\t<\/div>\n\t\t\t\t<\/div>\n\t\t\t\t<\/div>\n\t\t\t\t<\/div>\n\t\t\t\t<\/div>\n\t\t\t\t\t<\/div>\n\t\t\t\t<\/div>\n\t\t<div class=\"elementor-element elementor-element-bc32271 e-flex e-con-boxed e-con e-parent\" data-id=\"bc32271\" data-element_type=\"container\">\n\t\t\t\t\t<div class=\"e-con-inner\">\n\t\t<div class=\"elementor-element elementor-element-3858214 e-con-full e-flex e-con e-child\" data-id=\"3858214\" data-element_type=\"container\">\n\t\t<div class=\"elementor-element elementor-element-4e17e79 e-con-full e-flex e-con e-child\" data-id=\"4e17e79\" data-element_type=\"container\" data-settings=\"{&quot;background_background&quot;:&quot;classic&quot;}\">\n\t\t<div class=\"elementor-element elementor-element-fa0bd11 e-con-full e-flex e-con e-child\" data-id=\"fa0bd11\" data-element_type=\"container\">\n\t\t\t\t<div class=\"elementor-element elementor-element-e6d036a elementor-widget elementor-widget-text-editor\" data-id=\"e6d036a\" data-element_type=\"widget\" data-widget_type=\"text-editor.default\">\n\t\t\t\t<div class=\"elementor-widget-container\">\n\t\t\t\t\t\t\t<p style=\"font-size: 16px; font-family: Roboto; color: #000000;\"><strong> Marli Machado <\/strong><\/p>\n<p align=\"justify\"><span style=\"color: #000000;\"><span style=\"font-family: Roboto;\"><span style=\"font-size: medium;\">Direcci\u00f3n de Educaci\u00f3n <\/span><\/span><\/span><\/p>\t\t\t\t\t\t<\/div>\n\t\t\t\t<\/div>\n\t\t\t\t<\/div>\n\t\t\t\t<\/div>\n\t\t\t\t<\/div>\n\t\t<div class=\"elementor-element elementor-element-d913e38 e-con-full e-flex e-con e-child\" data-id=\"d913e38\" data-element_type=\"container\">\n\t\t<div class=\"elementor-element elementor-element-7345589 e-con-full e-flex e-con e-child\" data-id=\"7345589\" data-element_type=\"container\" data-settings=\"{&quot;background_background&quot;:&quot;classic&quot;}\">\n\t\t<div class=\"elementor-element elementor-element-9707147 e-con-full e-flex e-con e-child\" data-id=\"9707147\" data-element_type=\"container\">\n\t\t\t\t<div class=\"elementor-element elementor-element-21c28d8 elementor-widget elementor-widget-text-editor\" data-id=\"21c28d8\" data-element_type=\"widget\" data-widget_type=\"text-editor.default\">\n\t\t\t\t<div class=\"elementor-widget-container\">\n\t\t\t\t\t\t\t<p style=\"font-size: 16px; font-family: Roboto; color: #000000;\"><strong> Harold Longa<\/strong><\/p>\n<p align=\"justify\"><span style=\"color: #000000;\"><span style=\"font-family: Roboto;\"><span style=\"font-size: medium;\">Direcci\u00f3n de Evaluaci\u00f3n, Seguimiento y Control <\/span><\/span><\/span><\/p>\t\t\t\t\t\t<\/div>\n\t\t\t\t<\/div>\n\t\t\t\t<\/div>\n\t\t\t\t<\/div>\n\t\t\t\t<\/div>\n\t\t\t\t\t<\/div>\n\t\t\t\t<\/div>\n\t\t<div class=\"elementor-element elementor-element-13788bb e-flex e-con-boxed e-con e-parent\" data-id=\"13788bb\" data-element_type=\"container\">\n\t\t\t\t\t<div class=\"e-con-inner\">\n\t\t<div class=\"elementor-element elementor-element-ab1816f e-con-full e-flex e-con e-child\" data-id=\"ab1816f\" data-element_type=\"container\">\n\t\t<div class=\"elementor-element elementor-element-a094c63 e-con-full e-flex e-con e-child\" data-id=\"a094c63\" data-element_type=\"container\" data-settings=\"{&quot;background_background&quot;:&quot;classic&quot;}\">\n\t\t<div class=\"elementor-element elementor-element-cd803f8 e-con-full e-flex e-con e-child\" data-id=\"cd803f8\" data-element_type=\"container\">\n\t\t\t\t<div class=\"elementor-element elementor-element-6f71a40 elementor-widget elementor-widget-text-editor\" data-id=\"6f71a40\" data-element_type=\"widget\" data-widget_type=\"text-editor.default\">\n\t\t\t\t<div class=\"elementor-widget-container\">\n\t\t\t\t\t\t\t<p style=\"font-size: 16px; font-family: Roboto; color: #000000;\"><strong> Eillyn Osorio <\/strong><\/p>\n<p align=\"justify\"><span style=\"color: #000000;\"><span style=\"font-family: Roboto;\"><span style=\"font-size: medium;\">Oficina de Atenci\u00f3n al Ciudadano <\/span><\/span><\/span><\/p>\t\t\t\t\t\t<\/div>\n\t\t\t\t<\/div>\n\t\t\t\t<\/div>\n\t\t\t\t<\/div>\n\t\t\t\t<\/div>\n\t\t<div class=\"elementor-element elementor-element-3951053 e-con-full e-flex e-con e-child\" data-id=\"3951053\" data-element_type=\"container\">\n\t\t<div class=\"elementor-element elementor-element-ce91c53 e-con-full e-flex e-con e-child\" data-id=\"ce91c53\" data-element_type=\"container\" data-settings=\"{&quot;background_background&quot;:&quot;classic&quot;}\">\n\t\t<div class=\"elementor-element elementor-element-954136c e-con-full e-flex e-con e-child\" data-id=\"954136c\" data-element_type=\"container\">\n\t\t\t\t<div class=\"elementor-element elementor-element-06e5b4b elementor-widget elementor-widget-text-editor\" data-id=\"06e5b4b\" data-element_type=\"widget\" data-widget_type=\"text-editor.default\">\n\t\t\t\t<div class=\"elementor-widget-container\">\n\t\t\t\t\t\t\t<p style=\"font-size: 16px; font-family: Roboto; color: #000000;\"><strong> Marce Agelvis<\/strong><\/p>\n<p align=\"justify\"><span style=\"color: #000000;\"><span style=\"font-family: Roboto;\"><span style=\"font-size: medium;\">Direcci\u00f3n de Log\u00edstica y Servicios<\/span><\/span><\/span><\/p>\t\t\t\t\t\t<\/div>\n\t\t\t\t<\/div>\n\t\t\t\t<\/div>\n\t\t\t\t<\/div>\n\t\t\t\t<\/div>\n\t\t\t\t\t<\/div>\n\t\t\t\t<\/div>\n\t\t\t\t<\/div>\n\t\t","protected":false},"excerpt":{"rendered":"<p>Directorio Sede Arwin Orlando Quezada Camacho Presidente de la Fundaci\u00f3n Bolivariana de Inform\u00e1tica y Telem\u00e1tica (Fundabit) Sandra Sequera Coordinaci\u00f3n de [&hellip;]<\/p>\n","protected":false},"author":1,"featured_media":0,"parent":0,"menu_order":0,"comment_status":"closed","ping_status":"closed","template":"","meta":{"footnotes":""},"class_list":["post-878","page","type-page","status-publish","hentry","post"],"_links":{"self":[{"href":"https:\/\/www.fundabit.gob.ve\/index.php\/wp-json\/wp\/v2\/pages\/878","targetHints":{"allow":["GET"]}}],"collection":[{"href":"https:\/\/www.fundabit.gob.ve\/index.php\/wp-json\/wp\/v2\/pages"}],"about":[{"href":"https:\/\/www.fundabit.gob.ve\/index.php\/wp-json\/wp\/v2\/types\/page"}],"author":[{"embeddable":true,"href":"https:\/\/www.fundabit.gob.ve\/index.php\/wp-json\/wp\/v2\/users\/1"}],"replies":[{"embeddable":true,"href":"https:\/\/www.fundabit.gob.ve\/index.php\/wp-json\/wp\/v2\/comments?post=878"}],"version-history":[{"count":54,"href":"https:\/\/www.fundabit.gob.ve\/index.php\/wp-json\/wp\/v2\/pages\/878\/revisions"}],"predecessor-version":[{"id":6933,"href":"https:\/\/www.fundabit.gob.ve\/index.php\/wp-json\/wp\/v2\/pages\/878\/revisions\/6933"}],"wp:attachment":[{"href":"https:\/\/www.fundabit.gob.ve\/index.php\/wp-json\/wp\/v2\/media?parent=878"}],"curies":[{"name":"wp","href":"https:\/\/api.w.org\/{rel}","templated":true}]}}